t is the remainder when 7283087 is divided by 178?
39
What is the remainder when 83914508 is divided by 2859?
2858
Calculate the remainder when 10452427 is divided by 40.
27
What is the remainder when 45959999 is divided by 4790?
4739
Calculate the remainder when 514470 is divided by 28.
26
What is the remainder when 55171459 is divided by 2253?
2248
What is the remainder when 1345474 is divided by 2894?
2658
What is the remainder when 664215 is divided by 102?
93
Calculate the remainder when 54255 is divided by 10438.
2065
Calculate the remainder when 97243 is divided by 57.
1
What is the remainder when 34449 is divided by 6724?
829
What is the remainder when 6458 is divided by 3146?
166
Calculate the remainder when 8661757 is divided by 2894.
15
Calculate the remainder when 861788124 is divided by 58.
54
Calculate the remainder when 54389365 is divided by 262.
261
What is the remainder when 134609 is divided by 134044?
565
Calculate the remainder when 19049608 is divided by 4846.
4828
Calculate the remainder when 3032322 is divided by 1516115.
92
What is the remainder when 5311549 is divided by 2655761?
27
What is the remainder when 23383204 is divided by 119?
61
Calculate the remainder when 773943 is divided by 1445.
868
Calculate the remainder when 8279377 is divided by 2759650.
427
Calculate the remainder when 307297 is divided by 8528.
289
Calculate the remainder when 397045 is divided by 709.
5
Calculate the remainder when 6070489 is divided by 98.
75
Calculate the remainder when 3055357 is divided by 1527673.
11
Calculate the remainder when 9420 is divided by 6787.
2633
What is the remainder when 47450976 is divided by 190?
186
Calculate the remainder when 7260 is divided by 7127.
133
Calculate the remainder when 133070 is divided by 672.
14
What is the remainder when 20974 is divided by 1071?
625
What is the remainder when 8090300 is divided by 35640?
20
What is the remainder when 169979 is divided by 585?
329
Calculate the remainder when 1356267798 is divided by 20.
18
What is the remainder when 7189792 is divided by 120?
112
Calculate the remainder when 4861796 is divided by 1516.
1500
Calculate the remainder when 4928946 is divided by 492892.
26
What is the remainder when 49635 is divided by 49609?
26
What is the remainder when 25450829 is divided by 328?
325
What is the remainder when 4686137 is divided by 11?
5
What is the remainder when 1246371 is divided by 2365?
16
What is the remainder when 24565 is divided by 3202?
2151
What is the remainder when 129941710 is divided by 9?
7
What is the remainder when 68631 is divided by 22555?
966
What is the remainder when 17906066 is divided by 1998?
1988
What is the remainder when 2952108 is divided by 475?
458
Calculate the remainder when 80746 is divided by 1696.
1034
Calculate the remainder when 1737007 is divided by 130.
77
What is the remainder when 314816 is divided by 971?
212
What is the remainder when 374690 is divided by 22040?
10
What is the remainder when 63188 is divided by 212?
12
What is the remainder when 74596979 is divided by 221356?
7
Calculate the remainder when 110723 is divided by 824.
307
Calculate the remainder when 74279087 is divided by 305.
302
Calculate the remainder when 324729 is divided by 11587.
293
Calculate the remainder when 667262 is divided by 113.
110
Calculate the remainder when 5664333 is divided by 687.
18
What is the remainder when 1634735 is divided by 54?
47
Calculate the remainder when 2435516 is divided by 2537.
2533
What is the remainder when 52275 is divided by 67?
15
Calculate the remainder when 38007317 is divided by 520.
517
Calculate the remainder when 5763601 is divided by 44.
41
What is the remainder when 48937 is divided by 551?
449
What is the remainder when 225638 is divided by 16099?
252
What is the remainder when 249522 is divided by 124637?
248
What is the remainder when 24960 is divided by 1653?
165
What is the remainder when 10961868 is divided by 17?
13
What is the remainder when 73281246 is divided by 2508?
2502
What is the remainder when 8127 is divided by 1773?
1035
What is the remainder when 198892 is divided by 982?
528
Calculate the remainder when 3457530 is divided by 50846.
2
What is the remainder when 1248711 is divided by 208063?
333
Calculate the remainder when 49183 is divided by 243.
97
What is the remainder when 178141 is divided by 30?
1
What is the remainder when 101419746 is divided by 93?
84
What is the remainder when 26703982 is divided by 2054147?
71
What is the remainder when 43547173 is divided by 387?
385
What is the remainder when 25840969 is divided by 306?
187
What is the remainder when 46443200 is divided by 91?
76
Calculate the remainder when 6296995 is divided by 30.
25
What is the remainder when 56282849 is divided by 405?
404
Calculate the remainder when 200779 is divided by 20063.
149
What is the remainder when 36476 is divided by 2421?
161
Calculate the remainder when 1048049 is divided by 174674.
5
What is the remainder when 649903 is divided by 127?
44
Calculate the remainder when 51446922 is divided by 51446920.
2
What is the remainder when 111832 is divided by 10448?
7352
What is the remainder when 391387 is divided by 65220?
67
What is the remainder when 14778805 is divided by 836?
833
What is the remainder when 25499 is divided by 1498?
33
Calculate the remainder when 25638360 is divided by 4.
0
Calculate the remainder when 3822132 is divided by 2416.
20
What is the remainder when 47373 is divided by 69?
39
What is the remainder when 6353680 is divided by 26?
8
Calculate the remainder when 2134945 is divided by 93.
37
What is the remainder when 796363 is divided by 2021?
89
Calculate the remainder when 4788437 is divided by 1596131.
44
Calculate the remainder when 5575 is divided by 146.
27
What is the remainder when 3448071 is divided by 574606?
435
Calculate the remainder when 1505645 is divided by 1875.
20
Calculate the remainder when 457437101 is divided by 27.
23
Calculate the remainder when 11291311 is divided by 239.
234
What is the remainder when 307538159 is divided by 26?
19
What is the remainder when 5888711 is divided by 44276?
3
Calculate the remainder when 576507 is divided by 32.
27
Calculate the remainder when 302832257 is divided by 5064.
5057
Calculate the remainder when 223255 is divided by 327.
241
What is the remainder when 1005 is divided by 334?
3
What is the remainder when 742166 is divided by 106016?
54
What is the remainder when 11802514 is divided by 1271?
8
What is the remainder when 31987477 is divided by 726988?
5
What is the remainder when 870641 is divided by 870410?
231
Calculate the remainder when 311532 is divided by 967.
158
What is the remainder when 371110 is divided by 370792?
318
What is the remainder when 80846591 is divided by 1883?
1869
What is the remainder when 670471 is divided by 24832?
7
Calculate the remainder when 171541 is divided by 1792.
1301
What is the remainder when 555927 is divided by 92641?
81
What is the remainder when 27965357 is divided by 2330441?
65
What is the remainder when 40687022 is divided by 112?
110
Calculate the remainder when 134932 is divided by 134886.
46
Calculate the remainder when 1950765 is divided by 11276.
17
What is the remainder when 1338929 is divided by 541?
495
Calculate the remainder when 600366593 is divided by 447.
446
What is the remainder when 1023506 is divided by 6920?
6266
What is the remainder when 91317403 is divided by 112?
107
Calculate the remainder when 43655083 is divided by 5456885.
3
Calculate the remainder when 1829628 is divided by 609816.
180
What is the remainder when 1100737 is divided by 5166?
379
What is the remainder when 3357066 is divided by 1678495?
76
What is the remainder when 6399924 is divided by 1599979?
8
What is the remainder when 3024666 is divided by 604913?
101
Calculate the remainder when 1221081 is divided by 25.
6
What is the remainder when 492312 is divided by 2735?
12
Calculate the remainder when 4353122 is divided by 27.
20
What is the remainder when 981963 is divided by 1874?
1861
What is the remainder when 230660 is divided by 28810?
180
Calculate the remainder when 117407211 is divided by 39135734.
9
What is the remainder when 2503788 is divided by 26